ided by 9?
5
Let s be 1/4 + 30/8. Suppose -k = 3*c - s, 0*k + 4 = -4*k - 2*c. What is the remainder when 69 is divided by k/(-6) + 6 + 70/6?
15
Let v = 15675 + -15656. Let c = 92 + 12. What is the remainder when c is divided by v?
9
Suppose -7*n + 144 = -59. Suppose 861 = 12*m + n*m. What is the remainder when 38 is divided by m?
17
Suppose -2*i + 4 = 0, -2*x = -0*i - 5*i - 12. Suppose -2*s - 2 = -n, -5*s + 4*n = -2*s - 2. Calculate the remainder when -2 - (s + -4) - -24 is divided by x.
6
Let o(g) = g**2 - 4*g + 103. Let q(y) = -2*y**2 + 7*y - 206. Let a(z) = 5*o(z) + 2*q(z). What is the remainder when a(10) is divided by 16?
15
Suppose 12*r = 6*r + 30. Suppose 3*v + d = 38, 3*d = v + r*d - 11. What is the remainder when 141 is divided by v?
11
Let s(d) = 30*d - 19*d - 21 + d**2 - 7. Calculate the remainder when s(8) is divided by 18.
16
Suppose 16*s + 18 = 13*s, -416 = -2*g + 3*s. What is the remainder when g is divided by 3?
1
Let g(t) = 11*t**3 + 3*t + 9. Let m be g(3). Suppose 10*n + 5*n = m. Calculate the remainder when 83 is divided by n.
20
Let k(a) = a**3 - 10*a**2 + 32*a - 30. Suppose 0*q + q = 4. Suppose 0 = s - z, 3*s + q = -0*z + 4*z. What is the remainder when k(6) is divided by s?
2
Let g(u) = 243*u**2 + 177*u + 327. Calculate the remainder when g(-2) is divided by 371.
203
Let f = -1644 + 1651. What is the remainder when 103 is divided by f?
5
Calculate the remainder when (-735)/(-42)*42/5 is divided by 6.
3
Let q(l) = 31*l + 741. Let k(g) = 5*g + 124. Let t(p) = -34*k(p) + 6*q(p). Calculate the remainder when t(-13) is divided by 12.
10
Let i = 39 - -56. Let n(w) = -240*w - 8108. Calculate the remainder when i is divided by n(-34).
43
Suppose -3*u + 408 = j, -12*u + 10*u = j - 403. Let f(c) = 13*c + 1. What is the remainder when j is divided by f(6)?
77
Let z = 52 - 52. Suppose z = 2*n - 26 + 4. Suppose -n = -2*s + 13. Calculate the remainder when s is divided by 7.
5
Calculate the remainder when ((-27)/15 - -1)/((-30)/9750) is divided by 74.
38
Let a = 51 + -67. Let x be 3/(-5)*(1 + a). Suppose 4*z - x - 47 = 0. Calculate the remainder when z is divided by 9.
5
Let p = 12928 + -12923. What is the remainder when 591 is divided by p?
1
Suppose 68*x + 315 = 73*x. What is the remainder when 376 is divided by x?
61
Let g = 95 + -83. Suppose -15 = g*w - 13*w. Calculate the remainder when 55 is divided by w.
10
Suppose -100 = -v + 5*p, -2*v - 2*v + 5*p + 385 = 0. Let q be (-1)/(2/(-47))*2. Suppose -5*a + q = -23. Calculate the remainder when v is divided by a.
11
Let i be (-20466)/(-81) - 15/9. Suppose 616 = 3*r + 5*a, -5*r + 4*a = -i - 825. Calculate the remainder when r is divided by 73.
66
Suppose -t + 3*o = -57, 900*t + 65 = 901*t - 5*o. Calculate the remainder when 386 is divided by t.
26
Suppose -5*g = 25, -180*w + 175*w + 325 = 5*g. Calculate the remainder when w is divided by -1 + 80/((-12)/(-3)).
13
Let u(d) = 3038*d**2 + 14*d + 15. Calculate the remainder when u(-1) is divided by 40.
39
Let m = 73 + -44. Let b = -2705 - -2764. What is the remainder when b is divided by m?
1
Suppose -9*c + 76 = -5*c - 4*f, 2*c - 40 = 4*f. Suppose -20*o + 1748 = c*o. Calculate the remainder when 192 is divided by o.
8
Let q = 38522 - 36033. Calculate the remainder when 2504 is divided by q.
15
Suppose 4*c - 63 = 5. Suppose -5*f + f = -4*g + 24, -5*f = -2*g + 18. Suppose g*y - 248 = 20. What is the remainder when y is divided by c?
16
Let r = -6 - -13. Let w(o) = 11*o**2 + 3*o + 5. Let u(y) = 19*y**2 + 7*y + 10. Let p(s) = -4*u(s) + 7*w(s). What is the remainder when p(9) is divided by r?
6
Let g = 33618 + -33605. What is the remainder when (-6)/(-3)*(0 + 26) is divided by g?
0
Suppose 4*l + l = 25. Suppose -5*g + l*o + 40 = 0, -5*o = 3*g - 12 - 4. Let k = 23 + g. What is the remainder when 119 is divided by k?
29
Let p(r) = -6*r - 40. Let n be p(-8). Suppose x - 3 = -b, 2*x + 5*b - n = -14. Calculate the remainder when 13 is divided by x.
6
Suppose -216 = -2*f - y + 16, 244 = 2*f - 5*y. Calculate the remainder when f is divided by 63.
54
Let h(o) = -o**3 + 6*o**2 + 60*o - 27. Let k be h(11). Calculate the remainder when 2*-106*(-7)/k is divided by 17.
2
What is the remainder when (44/(-12) - (-3 + -7 - -6))*5604 is divided by 18?
14
Suppose 0 = 153*d - 171*d + 18. What is the remainder when (6 - d)/((-3 - 7)/(-300)) is divided by 51?
48
Let c be -3 + (-1 - 4/(-4)). Let h(v) = -2*v**3 - 5*v**2 + 3*v - 2. What is the remainder when h(-4) is divided by (-15 - (-3 + 6))*(-4 - c)?
16
Suppose -4*c + 444 = o, -27*c = -22*c - o - 555. Let s = c - 69. Suppose 0*f = 2*f - 44. Calculate the remainder when s is divided by f.
20
Suppose 82854*q = 82839*q + 150. Let n = 22 + -9. What is the remainder when n is divided by q?
3
What is the remainder when 526 is divided by (114/15)/(10/100)?
70
Let r(c) = 3*c**2 - 92*c + 280. What is the remainder when 616 is divided by r(3)?
27
Let r be 294/56 - (-1)/(-4). Let s(z) = -4*z - z**2 + 2 + z - 12*z**3 + r*z + 2*z**2. Calculate the remainder when s(-1) is divided by 9.
4
Let q = 49 + -24. Let c = 219 + -22. Let o = c - 150. Calculate the remainder when o is divided by q.
22
Suppose -40*l = -19*l - 17*l. Calculate the remainder when (-28)/(-7) + 39*(l - -1) is divided by 15.
13
Let q be (-357)/(-12) - 4/(-16). Calculate the remainder when 14 is divided by (-4 - -2)*35/q*-3.
0
Suppose -427 = -2*m + 3*k + 22, -3*m + 3*k = -681. Suppose 4*d - 416 = -4*z - 104, -297 = -4*z + d. What is the remainder when m is divided by z?
7
Let s(n) = -7*n**3 + 6*n**2 - 2*n**3 + 2*n**3 + 2 + 8*n**3. What is the remainder when 144 is divided by s(-3)?
28
Let g(l) = -619*l - 3603. Let q = 0 - -3. Suppose q*y - 30 = 84. Calculate the remainder when g(-6) is divided by y.
35
Suppose l = -3*g - 2*g + 47, 0 = -5*l + 5*g + 145. What is the remainder when (117 - (15 + -14))/(-1 - -3) is divided by l?
26
Let v(t) = -t**2 - 13*t - 5. Let d(f) = f**3 - 8*f**2 + 12*f - 12. Let j be d(6). Calculate the remainder when v(j) is divided by -6*(-3 - 15/(-6)).
1
Let v = 35 - -21. Suppose 2*b = 5*m + v, -4*b + 94 = -m - 0*m. Calculate the remainder when 67 is divided by b.
21
Let d = -2595 + 2707. What is the remainder when d is divided by 53?
6
Let u = 7373 + -7336. Let x = 15 + 56. Calculate the remainder when x is divided by u.
34
Let y = 47 + -18. Calculate the remainder when (-600)/(-350)*(-546)/(-12) is divided by y.
20
Suppose -2*b = -2*t, t + 24 = 5*b + 2*t. Suppose b*p = -2 + 26. Calculate the remainder when p is divided by (64/(-256))/(1/(-4)).
0
Suppose 48*g = 10*g + 1102. Suppose 2*d - 18 = -d. What is the remainder when g is divided by 80/7 + d/(-14)?
7
Let r(t) = 8 - 16*t + 5*t - t**3 - 12*t**2 + 0*t**3. Calculate the remainder when r(-11) is divided by 4 - 8 - (-18 + 9).
3
Suppose 102*b - 212164 = 44*b. Calculate the remainder when b is divided by 1216.
10
Let h = 36 - 34. Suppose -99 = -6*c + 21. Suppose 5*u = -c, h*u - u = 2*a - 106. What is the remainder when a is divided by 18?
15
Suppose -16987*b + 16982*b = -1475. What is the remainder when b is divided by 126?
43
Suppose -8 = 2*g, -67*d + g = -61*d - 166. Suppose c = -2*c + 21. Calculate the remainder when d is divided by c.
6
Calculate the remainder when -2258*(-10)/260 - 4/(-26) is divided by 41.
5
Let t = 200 + -177. Calculate the remainder when 8 + -8 - (-182)/2 is divided by t.
22
Let w = -7 + 5. What is the remainder when (-3 - (1 + 6) - -5) + 26 is divided by (-9 - -3)*(w - -1)?
3
Let i(w) = -w**3 - 48*w**2 + 311*w - 632. Calculate the remainder when 114 is divided by i(-54).
44
Let o be (30/12 - 1/(-2)) + -1233. Let s = o - -1233. Suppose -8 = 5*c - 78. Calculate the remainder when c is divided by s.
2
Suppose -5*h + 116 = -h. Suppose 13 = -23*v + 105. Let x = h - v. What is the remainder when x is divided by 9?
7
Suppose -103 = 3*w + 152. Let s = 111 + w. Suppose -107 = -v - 32. Calculate the remainder when v is divided by s.
23
Suppose -2*y + 5*i = -786, 5*y + 5*i - 587 - 1378 = 0. Let x = -149 + y. Calculate the remainder when x is divided by 62.
58
What is the remainder when 4855 is divided by 3624/216 + (-4)/(-18)?
10
Let y be (-3779)/19 - (-4)/(-38) - -5. Let o = y + 225. Calculate the remainder when 54 is divided by o.
23
Let u = 8696 - 8512. Calculate the remai